**4/12 - 13*w**3/3 + 67*w**2/2 + 180*w. List the prime factors of n(-22).
5, 31
Suppose -3*k + 978 = -3*d, -21*d + 22*d = 2*k - 652. List the prime factors of k.
2, 163
Let h = 137 - 144. What are the prime factors of -47*(h + 13)*2/(-3)?
2, 47
Let l = 77 + -75. Let i be 659/l + (-1 - 12/(-8)). Suppose -35*y + i = -32*y. What are the prime factors of y?
2, 5, 11
Suppose -3*v + 2*l + 2*l = 7, 0 = v + 4*l - 19. Suppose -4*y + 649 = -0*g + g, -y + v*g + 172 = 0. List the prime factors of y.
163
Let l(y) = 32*y + 2. Let n be (28/12)/(4/12). List the prime factors of l(n).
2, 113
Let m(w) = w**3 + 7*w**2 + 6*w + 5. Let g = -23 - -17. Let p be m(g). Suppose 2*l = 2, -260 - 202 = -p*x - 2*l. List the prime factors of x.
2, 23
Let m be (60/18 - 2)*3. Suppose m*r - 5232 = -12*r. List the prime factors of r.
3, 109
Let u(l) = 330*l**2 - 23*l + 37. What are the prime factors of u(-5)?
2, 4201
Let q = 108 + -107. Let n be 20/q*(-9 - -23). Suppose -6*v - v = -n. List the prime factors of v.
2, 5
Let s = 51 - 63. Let v be (-4)/s*21 + -3. Suppose 0 = -z + v*w + w + 40, 0 = 4*w - 4. What are the prime factors of z?
3, 5
Let b(c) = 10*c**2 - 5*c + 8. Suppose 33*a - 28 = 29*a. What are the prime factors of b(a)?
463
Let z(x) = -1056*x - 2300. List the prime factors of z(-24).
2, 7, 823
Let x = -335 - -676. Let o = 724 - x. List the prime factors of o.
383
What are the prime factors of 9205 - (-5 + 2 + 6 - 7)?
9209
Suppose -8 = -24*d + 22*d. Let b be 1/(d + (-38)/10). Suppose -b*j - 70 = -5*x, 3*x - 25 = x + 5*j. What are the prime factors of x?
3, 5
Let p(s) = -6*s - 104. Let i be p(-18). Suppose -u + 2 = 0, 109*a - 104*a - i*u = 1877. List the prime factors of a.
13, 29
Let s = -902 + 61. Let l = 1254 + s. List the prime factors of l.
7, 59
Let w(x) be the third derivative of 7*x**4/24 - 35*x**3/6 - 45*x**2. What are the prime factors of w(8)?
3, 7
Suppose -u + 25624 = -5*d, -32*u - 9*d = -34*u + 51253. What are the prime factors of u?
13, 1973
Let g(i) = 7*i - 13. Let v be g(9). Suppose 2*b + 3*h + 126 = 0, 3*b - h = -161 - v. Let j = 170 + b. List the prime factors of j.
101
Suppose 3*d + 4*m = 23, -3*m + 18 = 4*d - 4*m. Suppose 1982 = d*r - 598. What are the prime factors of r?
2, 3, 43
Suppose 23*i - 541181 = -109655. What are the prime factors of i?
2, 3, 53, 59
Let s(t) = 13*t**2 + 15*t - 40. Suppose -4*h + 7 = -3*h. What are the prime factors of s(h)?
2, 3, 13
Let l be (-8)/(-60) - (-215272)/60. Suppose -1536 = -21*s + l. List the prime factors of s.
2, 61
Let f(t) = 100*t**2 - 21*t + 14. List the prime factors of f(-8).
2, 3, 1097
Let o be ((-102984)/140)/(6/(-20)). Let q = o - 1488. List the prime factors of q.
2, 241
Suppose -7 = -2*g + 1, 3*g + 33 = 5*f. Suppose 0 = -4*l + x + 3298, -6*x + 4126 = 5*l - f*x. List the prime factors of l.
2, 103
Let v(j) = 161*j**2 + 26*j + 47. Let t = -207 - -205. List the prime factors of v(t).
3, 71
Let i(v) = 103*v - 29. Let x(z) = 2*z**2 + 46*z + 50. Let p be x(-22). List the prime factors of i(p).
19, 31
Suppose q = 3*f - 62230, 21*q - 26*q + 41532 = 2*f. What are the prime factors of f?
2, 11, 23, 41
Let m(v) = 23*v - 13. Let u be (-2)/(-6) - (-14)/3. Let n be m(u). Suppose -2*h + 14 + n = z, -2*z + 277 = -5*h. What are the prime factors of z?
2, 3, 7
Let b = 281 + 1431. Suppose 0 = -2*i + 5*l + 856, -4*i + 0*l - 3*l = -b. What are the prime factors of (-3 - 5/(-10))*i/(-10)?
107
Suppose 4*j + 4*l = 88 + 8, -3*j + 76 = 2*l. Let s(k) = -k**2 + 49*k - 12. What are the prime factors of s(j)?
2, 3
Let g(f) = 248*f + 22 + 6*f**2 - 1 - 244*f. What are the prime factors of g(-11)?
19, 37
Let w = 293 + -285. Let i(y) = -y**3 + 10*y**2 + 16*y + 19. List the prime factors of i(w).
5, 11
Let w(i) = i**3 + 3*i**2 - 3*i + 4. Let r be w(-3). Let h(g) = 24*g - 56. List the prime factors of h(r).
2
Let p(r) = r**3 - 40*r**2 + 30*r - 87. Let y be p(42). What are the prime factors of -10 + (-351)/(-36) + y/4?
5, 47
Let x(i) = -i + 4. Let g be x(3). Let j(w) = 25*w + 2. Let m be j(g). Suppose 0*c - 4*c = -3*k - m, -5*c - 3*k = 0. What are the prime factors of c?
3
Let v = 313 - 357. What are the prime factors of (-143)/(-2 + (-84)/v)?
11, 13
What are the prime factors of 216135/(-6)*(-1452)/1210?
3, 1601
Let z(s) = 3708*s**2 + 48*s + 13. List the prime factors of z(2).
67, 223
Suppose 1094 = -19*b + 9226. Suppose b = x - 5*j, 0*j - 2060 = -5*x + 5*j. List the prime factors of x.
2, 3, 17
Suppose 2*l - 1345 = 5804 + 4537. List the prime factors of l.
5843
Suppose 4*w = -0*w + 16. Let k(q) = 17 + 9 + 49*q + 11 - 44. What are the prime factors of k(w)?
3, 7
Suppose 124*i - 1214574 = 548894 - 275592. What are the prime factors of i?
13, 71
Let l(t) = -t**3 - 96*t**2 - 359*t + 122. List the prime factors of l(-94).
2, 4049
Suppose 91636 = 68*z - 54564. List the prime factors of z.
2, 5, 43
Let b(d) = 22*d**2 + d + 2. Let h(s) = s**2 + s - 1. Let u(m) = -b(m) + 2*h(m). Let y be u(2). Let j = -11 - y. List the prime factors of j.
71
Let r = 33602 + -16603. What are the prime factors of r?
89, 191
Let d(c) = 0*c**2 + 4 + c**2 + 5*c - 22217*c**3 + 21858*c**3. List the prime factors of d(-1).
359
Let v(r) = 92*r**2 - 6*r - 7. Let u be v(-3). Suppose 305 = 4*a - u. What are the prime factors of a?
2, 11, 13
Let o be (66/(-4))/(5/10). Let b = o + 34. Suppose 0 = 2*i + b - 13. What are the prime factors of i?
2, 3
Suppose -3*q = -q - 10. Suppose 17 = -4*z + q*g, -8*g + 4*g + 12 = -4*z. Suppose 2*r - 3*k = 46, z*r - 5 = r - 3*k. What are the prime factors of r?
17
Let c = -91 + 140. Suppose 0 = -c*q + 50*q + 2. What are the prime factors of (-4 + -84)/(0 + q)?
2, 11
Let c = 1524 + -1021. Let v = 1015 - c. List the prime factors of v.
2
Suppose 0 = 4*a + 28, -714*d + 717*d = a + 26485. List the prime factors of d.
2, 3, 1471
Let g(k) = 18*k**2 - 801*k - 121. What are the prime factors of g(48)?
2903
List the prime factors of 3 + (-1 + 2176)/(1710/140 - 12).
11, 13, 71
Let r = -496 - -495. List the prime factors of 138/(((-7)/21)/r).
2, 3, 23
Let g(h) = h**2 + 6*h - 11. Let u(x) = -4 - 910*x**2 + 911*x**2 + 7*x - 6. Let d(z) = -5*g(z) + 6*u(z). List the prime factors of d(-19).
2
Let m(i) = -21 - 3*i + 31 - 14. Let a be m(3). Let k = 154 + a. List the prime factors of k.
3, 47
Suppose -5*x + c + 7701 = 0, 37*c = x + 38*c - 1545. What are the prime factors of x?
23, 67
Suppose 331 = 5*u + 936. Let r = u + 252. What are the prime factors of r?
131
Let j(c) = 7*c + 44. Let m be j(-6). What are the prime factors of (-8 - m)/((-48)/504)?
3, 5, 7
Let z be -22 - -18 - (-15 + 1). Suppose -z = g - 6*g. Suppose v + 221 = 4*d + 4*v, 0 = g*d - 3*v - 115. List the prime factors of d.
2, 7
Suppose 21*u + 72886 - 358604 - 535739 = 0. What are the prime factors of u?
3, 13, 17, 59
Let u(h) = 279*h + 3968. List the prime factors of u(5).
31, 173
Suppose a - 2*d = 23770, -143*a + 138*a = -6*d - 118838. List the prime factors of a.
2, 13, 457
Let l(y) = 3*y - 15. Let o be l(5). Suppose 3*f = c, o = -0*f - f - c. Suppose f = -5*p - 4*d + 638, -4*p = -9*p + d + 653. What are the prime factors of p?
2, 5, 13
Suppose -4*d + 33 = -5*d + 4*s, -d + 2*s = 39. Let x = 48 + d. Let n(u) = 10*u**2 + u - 4. What are the prime factors of n(x)?
89
Suppose -4*d = -3*o + 22, -73*o + d = -75*o. Let u(r) = 642*r + 37. What are the prime factors of u(o)?
1321
Let g be 13/(26/8) - (-1 + -1). Suppose -h + g*u = 3*u - 905, 5 = -u. What are the prime factors of (1/5)/(2/h)?
89
Suppose -5*s + 3 = 2*n, -2*n + s = -s + 18. Let g be ((2 + -3)*n)/(33/154). Suppose a + 3*a - 3 = -i, 0 = -i + a + g. What are the prime factors of i?
23
What are the prime factors of -2 - (-5 + 13344/(-16))?
3, 31
Let x(m) = 78*m**2 - 112*m - 2. What are the prime factors of x(8)?
2, 23, 89
Let p be 4 + (-4)/1 - 0/(-1). Suppose p = -s - 5, 4*g + 5*s + 12 = s. Suppose -4*u = -g*q + 110, 3*q - 4*q + 5*u + 61 = 0. What are the prime factors of q?
3, 17
Suppose 5*n = 3*q + 2341 + 12599, -3*q = 4*n - 11952. What are the prime factors of n?
2, 3, 83
Let q(o) = -21*o**2 - 7*o + 7*o + 65*o + o**3 + 16*o - 23*o**2 - 81. What are the prime factors of q(43)?
1553
Suppose -5*i + n + 212181 = 0, i - 8578 = -n + 33869. What are the prime factors of i?
2, 3, 11, 643
Let z(b) = 114*b**3 + 3*b**2 - 29*b - 66. List the prime fa